e the second derivative of 2*x**3/3 + 8*x**2 - 77*x - 2. Determine f(-5).
-4
Let m be -1*(0 + 1)*(33 + -32). Let f(q) = q**2 - 2*q**2 + q**3 - 2*q**3. Determine f(m).
0
Let d(q) = -q - 5. Let b be 5 - (1 - 0/1). Let i = b + -1. Suppose -6*f = -i*f + 15. What is d(f)?
0
Let t(g) = g - 3. Let c(q) = 3 - 1 - 1. Let i(m) = 4*c(m) - t(m). Suppose -a + 4*p = 16 - 23, -4*a + p = -13. What is i(a)?
4
Let y(h) = -h**2 - 7*h + 8. Let c = -35 + 95. Let j = c + -68. Determine y(j).
0
Let j(k) = k + 12. Suppose -5*c = -5*c - 3*c. Let s be (24/28 + c)/((-1)/7). Give j(s).
6
Let s(n) = 8 - 2*n + 43 - 28 + 7. Let q be s(14). Let y(z) = 2*z**2 - z - 2. Determine y(q).
4
Let n(k) be the second derivative of k**3/3 - k**2/2 - 11*k. Let f = -2 - 4. Determine n(f).
-13
Suppose -10 = 3*i - 28. Suppose i = -3*m, -m - 2*m - 15 = -3*o. Suppose -5*p + 22 = -o*z, 5*z + 3*p + 5 + 9 = 0. Let a(g) = g + 7. Calculate a(z).
3
Let o(g) = -g**3 - g**2 + g - 7. Let b(n) = -n**3 + 14*n**2 + 17*n - 30. Let h be b(15). Determine o(h).
-7
Suppose -3*r - 6 = -0*r. Let a(p) be the first derivative of p**4/4 + p**3/3 - p**2/2 - 2*p + 16. What is a(r)?
-4
Let n(q) = -q**2 + 4*q + 1. Let z be 66/10 + (-6)/(-15). Suppose -4*y - u + 624 = 3*u, y = -5*u + 140. Let s be y/35 + 3/z. Calculate n(s).
-4
Let p = -33 + 60. Suppose 17 = z - 6*b + 2*b, 4*b = 3*z - p. Suppose -8 = z*m - 7*m. Let r(h) = -h**2 + 3*h + 1. Calculate r(m).
-3
Let v(x) = 2*x**2 - 15*x - 10. Let m = 2302 + -2294. Give v(m).
-2
Let n(a) = -34 + 9 - 2*a**2 + 13 + 11*a + 0*a**2 + a**2. Give n(7).
16
Let d(y) = y - 8. Let h(k) = 7*k - 49. Let m(g) = -3*d(g) + h(g). What is m(7)?
3
Let d be 1/(0 - 1)*-4. Suppose 1 = h + d*t + 14, 0 = h - 3*t - 8. Let m(q) = 10*q**2 - 7*q**2 - 5*q**2 - q - 1. Determine m(h).
-2
Suppose 4*z = -3*d - 14, -5*z - 6 = 3*d + 13. Suppose -5*g + 10 + 10 = -2*x, 0 = 5*x + 25. Let q(o) = -2 + o**g + o**3 - 9*o**d + 7*o + o**2. Calculate q(6).
4
Let y be 36/54 - 173/3. Let t = 53 + y. Let h(n) = n**3 + 4*n**2 - n - 2. Calculate h(t).
2
Let a(o) = o**2 - 3*o + 1. Let s be a(1). Let x be 1 - (s + -2 + 1). Let v(d) be the second derivative of d**4/12 - d**3/2 - 36*d. Determine v(x).
0
Let f(t) = 5*t + 8. Suppose 42*v - 35*v = -28. Determine f(v).
-12
Let b(d) = -2*d**3 + 2*d**2 + d + 2. Suppose 4*t + 5 = -3*m, -t = t + m + 1. Let l be (-35)/(-28)*4*t. Suppose 3*n - 6 = 3*j, l*j - 14 = -4*n + 3*n. Give b(j).
-4
Let k = 59 + -36. Let q = -25 + k. Let f(s) = -3*s - 3. Determine f(q).
3
Let r(s) = s**3 + 2*s**2 - 3. Let j = -21 - -18. What is r(j)?
-12
Let n be 2/(-9) - (-4)/18. Let w(r) = r**2 - 1. Give w(n).
-1
Suppose 0 = 2*z - 7 - 5. Let d(x) = -8*x - 4. Let c(h) be the first derivative of -7*h**2/2 - 4*h - 1. Let j(s) = z*c(s) - 5*d(s). Determine j(-3).
2
Let k(r) = -r**2 + 5*r - 6. Suppose c + 3 = 4*p - 23, -4*p + 5*c + 34 = 0. Calculate k(p).
-12
Let g(x) = -9*x - 4*x + 8*x - x**2 + 2 + 0. Let t be g(-6). Let f(b) = b**3 + 2*b**2 - 3*b + 4. Calculate f(t).
-16
Let u(r) = -3*r - 1. Let q be u(-2). Let f(l) = 1 - 3 + 0*l - l + q. Let n be (-2)/((4/6)/1). Calculate f(n).
6
Let p(t) be the second derivative of -7*t**3/3 + 2*t**2 - 10*t - 28. Calculate p(-2).
32
Let d(n) be the second derivative of 1/3*n**3 + 0 + n**2 + 3*n. Suppose -6*j = -12 - 6. Determine d(j).
8
Let l(m) = 2*m**2 + 2*m. Suppose 0 = -3*c + 5*j - 0*j - 4, -c + 8 = 3*j. Suppose 4*y + 6 = b, c*y + 2*y + 2 = 3*b. Give l(y).
4
Let s be (2/(-4))/(((-33)/18)/11). Suppose -7*w = -s*w. Let n(j) = j**2 + 12. Calculate n(w).
12
Let u(k) = k - 40*k**3 - 6 - 45*k**3 + 84*k**3 - 3*k**2. Calculate u(-4).
6
Let q(h) = -293 + 279 - 10*h + 7*h. What is q(-3)?
-5
Let m be 12/((-15)/((-120)/(-16))). Let w(k) = -k**2 - 7*k - 4. Let u(c) = -3*c**2 - 21*c - 13. Let g(s) = -3*u(s) + 8*w(s). Determine g(m).
1
Let v be (-279)/(-39) - 4*(-8)/(-208). Let x(m) be the third derivative of m**6/120 - 2*m**5/15 + 3*m**4/8 - m**3 + 3*m**2. What is x(v)?
8
Suppose -5 = 2*x + 5. Let p = -7 - -11. Let z(r) = 14*r**3 + 15*r**2 + 11*r - 7. Let i(t) = -5*t**3 - 5*t**2 - 4*t + 2. Let c(l) = p*z(l) + 11*i(l). Give c(x).
-6
Let b(t) = t**2 + 10*t + 10. Let j = -136 - -136. Let w be (-1 - j) + (22/(-2) - -4). What is b(w)?
-6
Let a(t) = 13*t - 3. Let s(g) = g - 2. Let d(v) = a(v) - 5*s(v). Give d(-3).
-17
Let y(f) be the third derivative of -f**4/24 - 5*f**3/6 - 620*f**2. Suppose 0*m - 4*m + 20 = -3*z, 0 = z - 4*m + 4. Give y(z).
3
Let n = -1 - -3. Suppose 13 = 2*s - 2*l + 3, 3*l + 15 = n*s. Let d(j) = -9*j**2 - 10*j**2 - 1 + j**2 + 17*j**2. Determine d(s).
-1
Let h(q) = 2*q + 9. Let t be h(-7). Let j(i) = 2*i**2 - 3*i**2 - 8*i - 1 + 0*i**2. What is j(t)?
14
Let a(i) = i - 14. Let m = 192 - 176. Give a(m).
2
Let x(g) = -g**3 - g**2 - 1. Let r be x(-2). Let f(i) = i**3 + i + r*i - 6 + i - 6*i**2. Suppose 73*o - 174 = 118. Give f(o).
-18
Let w(d) = -d**2 - 2*d + 11. Let u = -151 - -146. What is w(u)?
-4
Suppose 2*w - 3*w = -15. Let l = -13 + w. Suppose -3*k = l*k - 20. Let d(r) = r**3 - 5*r**2 + 3*r + 1. Calculate d(k).
-3
Let b(o) be the third derivative of -5/6*o**3 + 0 + 2*o**2 - 1/15*o**5 - 1/120*o**6 - 1/24*o**4 + 0*o. Give b(-4).
-1
Let a be 7/(-49) + (-54)/14. Let d(n) = -4*n. Determine d(a).
16
Let n(f) be the second derivative of f**5/20 - 2*f**4/3 - 4*f**3/3 - 5*f**2/2 - 2*f. Let u be n(9). Let x(y) = -y. Give x(u).
-4
Let t = 10 + -6. Let y(j) be the first derivative of j**4/4 - j**3 - 2*j**2 + 3*j + 1303. Determine y(t).
3
Let u(n) = -n - 6. Let y(c) = c**2 + c - 2. Let b be y(-3). Let l be 37/b - (-1)/(-4). Let g be 4/(-2) - (-6 + l). Determine u(g).
-1
Let h(w) = w**3 + 2*w**2 - w - 2. Let z(n) = -4*n**2 + 16*n - 15. Let c be z(3). Calculate h(c).
-8
Let n(q) = -10*q**2 - 33*q + 77. Let y(z) = 7*z**2 + 22*z - 52. Let k(t) = 5*n(t) + 7*y(t). What is k(-13)?
-5
Let p(d) = -5*d**3 - d**2 - 8*d + 13. Let s(z) = z**3 + z**2 + z - 2. Let o(g) = p(g) + 6*s(g). What is o(-4)?
25
Let y(k) be the first derivative of -k**4/4 + 5*k**3/3 + k**2 + 2*k + 116. What is y(5)?
12
Let f(s) = -20*s. Suppose 0 = -g + 4*g - 15. Let p = g + -6. Give f(p).
20
Let m(o) = -o**3 + o**2 - o + 2. Let u be 10/50 + (-61)/5. Let q = 14 + u. Calculate m(q).
-4
Let s be 24/(-12) - (-58)/(-1). Let f be 3/(18/(-14)) - (-40)/s. Let p(l) = -l + l - 2*l**2 - 2*l. Determine p(f).
-12
Suppose 2*g - a + 2 = 0, 0*a = -2*g + 2*a - 4. Let i(w) = w - 7. What is i(g)?
-7
Let k(n) = -n**3 - n**2 + n + 3. Suppose -6*m = 13*m - 4*m. Calculate k(m).
3
Let s(w) = -5*w**3 - 6*w**3 - 7*w - 2 - 7*w**3 - 4*w**3 + 23*w**3 + 6*w**2. What is s(-7)?
-2
Let w be (42/49)/(2/14). Suppose -6*a - w = 42. Let y(n) = 2*n + 11. Determine y(a).
-5
Let s(j) = j**3 - 5*j**2 + 5*j - 7. Let k be s(5). Let h(i) = 1 + 26*i - 42*i - 3*i**2 + k*i. What is h(-1)?
-4
Let x(s) = 4*s**2 - 63*s + 1 + 24*s + 36*s + s**3. Calculate x(-4).
13
Let w(v) = 5*v - 7. Suppose 0 = -4*j - 2*b - 24, -4*j + 3*b - 2*b = 12. Give w(j).
-27
Let w(j) be the third derivative of 1/60*j**5 - 1/12*j**4 + 0 + 0*j + 1/120*j**6 + 0*j**3 - 9*j**2. Suppose -3*c = 2*c - 10. Calculate w(c).
8
Let l(g) be the third derivative of -g**6/360 - g**5/120 - 11*g**4/24 + g**2. Let p(h) be the second derivative of l(h). What is p(3)?
-7
Let i = 212 - 123. Let m(k) = 89 + 2*k**3 - i - 2*k**2. What is m(2)?
8
Let d(o) = -o - 15. Suppose -12 + 54 = 2*j. Suppose b = -2*u - 7, 4*b = b + 4*u - j. Determine d(b).
-8
Let o(b) = 15*b + 14 + 5*b**2 + 10*b**2 - 26*b**2 + 12*b**2. Determine o(-14).
0
Let v(f) = -5*f**3 - f**2 + 1. Let y(b) = -b**2 + 2*b + 25. Let o be y(6). What is v(o)?
-5
Let p(q) = -q**2 + 2*q + 5. Suppose 0 = 4*n + 1 - 9. Suppose -2*i - n + 12 = 0. Give p(i).
-10
Let o(l) = 31*l - 3. Let y(q) = -1. Let r(u) = -o(u) + 3*y(u). Determine r(-1).
31
Let z(u) = 7*u - 6*u + 0 + 1. Let q be z(-3). Let k(x) be the second derivative of x**4/4 + x**3/2 + 3*x**2/2 - 17*x. What is k(q)?
9
Let b be 0*6/(-36) + 5 - 16. Let l(k) = -2*k - 25. Calculate l(b).
-3
Let c(d) = 13*d**2 + d + 1. Suppose -7*t + 3 = -6*t. Suppose t*u = 8*u - 10. Suppose u*j - 5 = 7*j. Calculate c(j).
13
Let k(c) = 4*c**3 - 4*c**2 - c. Let u(t) = 11*t**3 + 2*t**2 + 15*t - 49. Let g(h) = -3*k(h) + u(h). Calculate g(15).
-4
Let l(y) = 6*y + 10. Let t(n) = n + 1. Let k(x) = -l(x) + 12*t(x). Let r(v) = -28*v - 16. Let i be